atest common divisor of 884 and 40487200?
884
What is the highest common factor of 445858616 and 434?
434
Calculate the highest common divisor of 6230 and 2050265.
35
What is the highest common divisor of 46712582 and 294?
98
What is the highest common divisor of 9024 and 843264?
192
What is the greatest common factor of 998602033 and 429?
143
What is the greatest common factor of 4274300 and 1475?
25
Calculate the greatest common divisor of 322040 and 5230240.
3880
Calculate the highest common factor of 53331512 and 728.
104
What is the highest common divisor of 880 and 28757080?
440
What is the highest common factor of 5668 and 15238418?
2834
What is the greatest common divisor of 249920 and 45653?
71
What is the greatest common divisor of 15416 and 31030481?
1927
What is the greatest common divisor of 567583 and 39547?
557
What is the greatest common divisor of 132600368 and 112?
16
What is the greatest common divisor of 1173021844 and 538?
538
Calculate the highest common divisor of 2958852 and 429.
39
What is the greatest common divisor of 13490 and 833530?
190
Calculate the greatest common divisor of 6486 and 19234233.
3243
Calculate the greatest common factor of 58683 and 107322.
93
Calculate the highest common factor of 16575 and 2473653.
663
Calculate the greatest common divisor of 1212746 and 12070.
34
Calculate the greatest common divisor of 187143 and 5778.
321
What is the highest common factor of 26214 and 20818285?
4369
Calculate the highest common divisor of 48 and 818058.
6
What is the highest common factor of 1459300 and 32300?
100
What is the highest common divisor of 342 and 24948045?
171
Calculate the highest common factor of 137878 and 32344.
26
What is the highest common factor of 620531362 and 3014?
3014
Calculate the highest common factor of 2853 and 360333.
9
Calculate the greatest common factor of 63865800 and 3600.
1800
What is the greatest common divisor of 7180 and 71428076?
1436
What is the highest common divisor of 3132026 and 2248?
562
Calculate the highest common divisor of 350 and 322240.
10
Calculate the highest common divisor of 33706493 and 2978.
1489
Calculate the greatest common divisor of 17124 and 542.
2
Calculate the greatest common divisor of 655081485 and 111.
111
What is the highest common factor of 3017178 and 477?
9
What is the greatest common factor of 268 and 171706126?
134
What is the highest common factor of 1045471 and 6524?
1631
Calculate the greatest common divisor of 25636996 and 1316.
1316
What is the greatest common divisor of 6077345 and 24185?
3455
What is the greatest common factor of 1818143782 and 532?
266
What is the greatest common factor of 18149805 and 1080?
135
What is the highest common factor of 753063 and 70184?
283
What is the greatest common divisor of 94 and 82068674?
94
What is the highest common divisor of 274 and 170756?
2
Calculate the highest common divisor of 22 and 13683571.
11
What is the highest common divisor of 3181298 and 8181?
101
Calculate the highest common divisor of 8552907 and 5643.
1881
Calculate the highest common factor of 232754 and 68150.
58
What is the highest common factor of 77691018 and 3636?
606
Calculate the greatest common factor of 2688 and 27146112.
2688
Calculate the greatest common factor of 860 and 42783581.
43
What is the highest common divisor of 4912729 and 53?
53
What is the greatest common divisor of 2 and 32685826?
2
Calculate the highest common divisor of 776 and 18949629.
97
Calculate the greatest common divisor of 438060 and 14896.
196
Calculate the greatest common factor of 27685 and 245720986.
5537
What is the highest common divisor of 26 and 427758552?
26
Calculate the greatest common factor of 17108730 and 135.
45
Calculate the highest common divisor of 411700 and 72910.
230
Calculate the highest common divisor of 63678950 and 460.
230
What is the highest common divisor of 9929600 and 646280?
4280
What is the greatest common factor of 530 and 203620?
10
Calculate the highest common factor of 3560 and 23419015.
445
What is the highest common divisor of 139 and 1295375611?
139
What is the highest common divisor of 51 and 207352077?
51
What is the greatest common factor of 2905545 and 345?
15
Calculate the greatest common factor of 275 and 2094059.
11
What is the greatest common factor of 172 and 32551774?
86
Calculate the greatest common factor of 54366 and 224094.
1326
Calculate the highest common divisor of 4102 and 16869182.
586
Calculate the highest common factor of 2968 and 68841647.
371
What is the greatest common divisor of 2724 and 37001?
227
Calculate the highest common divisor of 2545668 and 2268.
324
What is the greatest common factor of 80285706 and 2802?
2802
What is the greatest common divisor of 27324 and 58508136?
2484
Calculate the greatest common divisor of 30 and 18569030.
10
Calculate the greatest common factor of 27698216 and 13.
13
Calculate the highest common factor of 340 and 2157436.
68
Calculate the highest common divisor of 719 and 4825209.
719
Calculate the greatest common divisor of 20856805 and 10.
5
What is the greatest common divisor of 174878 and 132?
22
Calculate the greatest common factor of 63792 and 2023624.
3544
Calculate the greatest common divisor of 963 and 4759574.
107
What is the greatest common divisor of 61 and 898017661?
61
Calculate the greatest common factor of 1102643978 and 1149.
383
Calculate the highest common factor of 4 and 111839100.
4
What is the greatest common divisor of 4088 and 160173096?
584
Calculate the highest common factor of 810 and 14709330.
270
Calculate the highest common factor of 1628700 and 90585.
915
What is the highest common factor of 1023106 and 224?
14
What is the greatest common factor of 49706 and 3406862?
58
Calculate the highest common factor of 468575388 and 1044.
1044
What is the highest common divisor of 1348155 and 3345?
15
Calculate the greatest common factor of 3356 and 9082175.
839
Calculate the greatest common divisor of 240 and 114678576.
48
Calculate the greatest common divisor of 2192 and 204702112.
2192
Calculate the highest common factor of 4648 and 39004024.
664
What is the greatest common factor of 1464384480 and 6?
6
What is the highest common divisor of 352 and 5633276?
44
What is the highest common factor of 58 and 15910647?
29
What is the highest common divisor of 4532465 and 161?
7
Calculate the greatest common factor of 3156 and 130.
2
What is the greatest common divisor of 175566 and 1888848?
6054
What is the highest common divisor of 4906 and 42427?
11
What is the greatest common divisor of 4374 and 652887?
27
What is the highest common factor of 14055240 and 696?
24
What is the highest common divisor of 6659260 and 3330?
370
What is the highest common factor of 214 and 952390?
2
Calculate the greatest common divisor of 664290 and 1251171.
549
Calculate the greatest common divisor of 420 and 515841060.
420
What is the greatest common divisor of 169908566 and 13674?
4558
What is the highest common divisor of 46283 and 150958723?
1493
Calculate the greatest common factor of 396820877 and 393.
131
Calculate the greatest common divisor of 43375 and 197375.
125
Calculate the greatest common factor of 83545 and 30535.
155
Calculate the greatest common divisor of 108726835 and 570.
95
Calculate the greatest common factor of 5157 and 27742941.
1719
Calculate the greatest common divisor of 101089323 and 27.
27
Calculate the highest common factor of 39100 and 27399716.
1564
Calculate the greatest common divisor of 88 and 521619208.
88
Calculate the highest common divisor of 215 and 4597345.
215
What is the highest common divisor of 2599 and 450524?
23
What is the highest common divisor of 160018794 and 1404?
702
What is the highest common factor of 31556949 and 2532?
633
Calculate the greatest common divisor of 22552189 and 1111.
1111
Calculate the greatest common divisor of 2533055 and 8440.
1055
What is the highest common factor of 2576 and 165649036?
644
What is the greatest common divisor of 469 and 71603168?
469
What is the highest common factor of 125477540 and 356?
356
What is the greatest common factor of 3858 and 161316483?
1929
Calculate the greatest common divisor of 301336 and 1000.
8
What is the highest common diviso